Let o(y) = -4*y + 22. What are the prime factors of o(h)?
2, 29
Let v(g) = g**3 + g**2 + 3*g - 1. Let o be v(2). Suppose -m = -6*m. Let q = m + o. List the prime factors of q.
17
Suppose o = -1 + 3, 4*x - 4*o - 144 = 0. Let n = x + 9. What are the prime factors of n?
47
List the prime factors of 51103/39 - (6/(-9))/(-2).
2, 5, 131
Suppose -2*s + 4*s - 484 = 0. Suppose -2*d + 2*j = -2*j - s, 5*j - 530 = -5*d. List the prime factors of d.
3, 37
Let u(r) = r**3 + 7*r**2 - 10*r. Suppose -g - 4*g - 40 = 0. Let b be u(g). Suppose -4*m = b, 6*j - 2*m = 3*j + 41. List the prime factors of j.
11
Suppose -22 = -0*p - 5*p - r, -22 = -2*p + 4*r. Suppose -4 = 3*m + 8, -789 = -p*j + m. List the prime factors of j.
157
Let t be (-2)/(-4)*(2 - 0). List the prime factors of (-5 - -1) + t - -33.
2, 3, 5
Suppose -4*p + 20 = 2*j + 3*j, 5 = 2*j + p. Suppose -m - x = -j*x - 28, -2*m + 4*x = -74. List the prime factors of m.
31
Let v(y) = -17*y**2 - 8 + y + 11*y**2 + 8*y**2. What are the prime factors of v(-7)?
83
Let q = -205 - -304. What are the prime factors of q?
3, 11
Let s(p) = 4*p**2 - p + 2. Let z(c) = -c + 5. Let y be z(7). List the prime factors of s(y).
2, 5
Suppose 8*w = 2*w - 12. What are the prime factors of -143*((-3)/((-3)/w))/1?
2, 11, 13
Suppose 6 = 5*s - 34. Suppose -s*o - o + 1701 = 0. What are the prime factors of o?
3, 7
Suppose 0 = -2*l + 2*i - 18, l + 59 = -4*l - 2*i. Let j = l + 15. Suppose 4*t + 2*r - 68 = 0, -r + 62 = 4*t + j*r. List the prime factors of t.
2, 3
Let g(w) = -w - 5. Let a be g(-5). Suppose a = 4*q - 302 - 246. What are the prime factors of q?
137
Suppose 5603 = 11*x - 4088. List the prime factors of x.
881
Let q(d) = -888*d + 2. What are the prime factors of q(-1)?
2, 5, 89
Suppose -m = -4*a + 16, -2*a + 3*m = -8 - 0. Suppose -2 = -a*x + 22. List the prime factors of x.
2, 3
Let b(v) = 3*v**3 - 8*v**2 + 107*v + 23. What are the prime factors of b(12)?
19, 281
Let t(i) = -i**2 - 4*i + 5. Let q be t(-6). Let r be (q/(-21))/((-2)/(-18)). Suppose r*y = 3, -3*w + 4*w - 15 = -4*y. What are the prime factors of w?
11
Suppose 39*j - 788 = 37*j. What are the prime factors of j?
2, 197
Suppose 0*d + 5*d - 3*f = 9, 0 = -3*d + 2*f + 5. Suppose -d*n + 20 = -n. What are the prime factors of n?
2, 5
Let j = 17 - 16. List the prime factors of (-62 + j)*(-5)/5.
61
Suppose -p = -4*u + 151, 2*u - p - 80 = -5*p. Let f = 102 - u. What are the prime factors of f?
2
Let k = 870 + 170. List the prime factors of k.
2, 5, 13
Let o = 82 + -77. Suppose 2*u + 10 = 0, 3*a = 8*a + o*u - 235. List the prime factors of a.
2, 13
Let t be (2 + -3 - -1 - 0) + 3. Suppose 5*o - 242 = y, -2*o + t*y - 58 = -3*o. What are the prime factors of o?
7
Suppose -47*p = -57*p + 8550. What are the prime factors of p?
3, 5, 19
Suppose -17*s + 1310 = -15*s. List the prime factors of s.
5, 131
List the prime factors of (-8)/1*7*122/(-61).
2, 7
Let d be (12/(-15))/((-3)/15). Suppose -q + 165 = d*q. List the prime factors of q.
3, 11
Suppose d = 7*d - 900. Let k = d + -102. List the prime factors of k.
2, 3
Suppose -15*h + 1346 = -12244. What are the prime factors of h?
2, 3, 151
Suppose 0 = 26*m - 28*m - 9254. What are the prime factors of 4/(-16) + m/(-28)?
3, 5, 11
Let h(k) be the third derivative of k**5/10 - k**4/12 + k**3/2 + 5*k**2. Let g be h(3). Suppose c + g = a, -a + 0*c = c - 53. List the prime factors of a.
2, 13
Let i(d) = d + 36 + 0*d - 12. Let w be i(-6). Suppose -h = -o + 1, 2*h = -5*o + w + 8. List the prime factors of o.
2
Let a(l) = -6*l - 128. Let n be a(0). Let r = -62 - n. What are the prime factors of r?
2, 3, 11
Suppose 5*h + 1485 = 4*a, -5*a = -3*a - 2*h - 744. List the prime factors of a.
3, 5
Suppose -6*l = -3*l + 39. Let w = -9 - l. Suppose -3*s + 2*r + 55 = 0, w*r + 15 = r. What are the prime factors of s?
3, 5
Let b(u) = -2*u - 12. Let w be b(-6). Suppose 5*z - z = w. Let p(g) = -g + 19. What are the prime factors of p(z)?
19
What are the prime factors of -5*((-62595)/25)/13?
3, 107
Let b(o) = 29*o**2 + 118*o + 9. List the prime factors of b(4).
3, 5, 7
Let z(s) = -s**3 - s + 27. Let p = -16 + 16. Let j be z(p). Suppose -11 = -w + j. List the prime factors of w.
2, 19
Suppose 76 - 10 = a. Let g = 108 - a. List the prime factors of g.
2, 3, 7
Let u(g) = 4*g - 4. Let o(k) = k - 1. Let n(r) = 30*o(r) - 3*u(r). Let d be n(6). Let p = d + -26. List the prime factors of p.
2
Let k = -22 - -26. Suppose 7*r = -5*y + 2*r + 540, k*y + 3*r = 435. What are the prime factors of y?
3, 37
Suppose 503 = 5*m - 462. Let o = m - 97. What are the prime factors of o?
2, 3
Let n be (-24 - -4)*(-18)/8. Let x = 129 - n. Let g = -53 + x. What are the prime factors of g?
31
List the prime factors of (3/(-2))/(-6*2/11256).
3, 7, 67
Let d be (8/(-10))/(18/(-45)). Suppose -11*b - d*b + 2405 = 0. What are the prime factors of b?
5, 37
Suppose 0 = -2*p - 0*p + 1024. What are the prime factors of p?
2
Suppose -3*c + 8*c = -j + 19, 0 = -c + 4*j - 13. Suppose c*k + 2*p - 516 = 0, 5*k = 3*k - 2*p + 344. Suppose -d = -5*d + k. List the prime factors of d.
43
Let p = 134 - 74. Suppose 4*f = -2*q + 80, q - 5*f = p - 6. Suppose -2*y - q = -6*y. List the prime factors of y.
11
Suppose 47*z = -11*z + 18328. List the prime factors of z.
2, 79
Let t(s) = s**3 - 3*s**2 + s + 1. Let j = -9 - -31. Let i = j + -19. List the prime factors of t(i).
2
Suppose -2*h + 2*x - 24 = 6*x, -2*x + 96 = -5*h. List the prime factors of 1/(-9) + (-2324)/h.
3, 43
Let s = 2810 + -1653. Suppose 2*m = 5*p - m - s, 0 = -4*p + 5*m + 923. What are the prime factors of p?
2, 29
Let b be 799/(-51) + (-4)/(-6). What are the prime factors of 498/4*(-10)/b?
83
Let l(f) = -2*f + 64. Suppose 5*p = -6*w + w + 25, -p + 5 = 3*w. List the prime factors of l(w).
2
Let a(x) = x**3 + 8*x**2 - x - 4. Let z be a(-8). Let m be -19 - -14 - (0 - 41). Suppose 48 = z*h - m. List the prime factors of h.
3, 7
Let d = 36 + -3. Suppose 4*h = 7*h - d. Suppose 5*y + h = r, 3*r + y - 77 = 5*y. List the prime factors of r.
31
Let d = -78 - -76. What are the prime factors of 0 - 588/(d - 2)?
3, 7
Let r = 4 + 7. List the prime factors of 517/r - (2 - 1).
2, 23
Let u(q) = 9*q**2 - 4*q - 6. Let a(w) = w**2 + w - 1. Let k(c) = -6*a(c) + u(c). List the prime factors of k(9).
3, 17
Let q(j) = -j**3 + 9*j**2 + 5*j + 3. Let o be q(9). Suppose -2*u = -6*u + o. What are the prime factors of ((-15)/2)/((-3)/u)?
2, 3, 5
Let t(k) be the second derivative of -10*k**3/3 - 21*k**2/2 - 12*k. List the prime factors of t(-4).
59
Suppose -6*k + 1045 = -707. List the prime factors of k.
2, 73
Suppose 9*c + 0*c - 99 = 0. Suppose 640 = c*b - b. What are the prime factors of b?
2
Let v = 3774 + -2483. What are the prime factors of v?
1291
Suppose -7*d - 245 = -14*d. What are the prime factors of d?
5, 7
Suppose -5*i - 3*s + 32 = 0, -5 + 1 = 2*i - 3*s. Suppose 5 = 2*x - i*m + 1, 2*x - 3*m = 4. Suppose -2*g = x*g - 52. List the prime factors of g.
13
Let o = 528 + 367. What are the prime factors of o?
5, 179
Suppose k - 4*c = 620, 2*k = -c - 3*c + 1180. Suppose -5*q = 5*q - k. What are the prime factors of q?
2, 3, 5
Let a(b) = 5. Let c(j) = 43*j - 11. Let d(x) = 10*a(x) + 5*c(x). What are the prime factors of d(1)?
2, 3, 5, 7
Let p(r) be the first derivative of r**4/4 - 4*r**3 + 5*r**2/2 - 11*r - 4. List the prime factors of p(12).
7
Suppose r - 3 = -14. Let c(i) = -6*i + 12 + 0*i**2 - i**3 - 12*i**2 - 5*i. What are the prime factors of c(r)?
2, 3
Let s(d) = 181*d + 36. List the prime factors of s(2).
2, 199
Let f(o) = -2*o**3 - 3*o**2 + 3*o + 10. Let h be f(-3). Let m be ((-7)/(-3))/((-1)/3). Let l = m + h. What are the prime factors of l?
3, 7
Suppose 2*t + t + 18 = 0. Let h be (4/(-6))/(t/18). Suppose -h*j = -37 - 3. List the prime factors of j.
2, 5
Let u be 3 - ((3 - 4) + -1). Suppose 3*l + 2*l - 25 = -u*i, -2*l = -5*i - 10. Suppose 0*z - 4*z + 64 = i. What are the prime factors of z?
2
Let i = 422 + 704. List the prime factors of i.
2, 563
Let x = -1479 - -2709. What are the prime factors of x?
2, 3, 5, 41
Let y = -13 - -17. Suppose 0*b - y*b = 4, i + 48 = -5*b. List the prime factors of (1 - i) + 3*-1.
41
Let u = -8 - -2. Suppose -29*r = -36*r + 77. Let z = r + u. What are the prime factors of z?
5
Let s(m) = 20*m**2 + 10*m - 32. What are the prime factors 